 -2*u + 23 = 5*b. Calculate the greatest common factor of b and 5.
5
Suppose 26*p = -9*p + 5280 + 21495. What is the greatest common divisor of p and 15555?
255
Let h = -1092 + 495. Let l = h - -885. Calculate the highest common divisor of 36 and l.
36
Suppose 0*x + 30*x - 11460 = 0. Let a = 396 - x. What is the greatest common factor of a and 98?
14
Suppose 4*v - 7 = 57. Let s be 6/3 + 0/7. Let c be 1 + (-18352)/(-72) + s/18. What is the highest common factor of c and v?
16
Let l(v) = 324. Let o(u) = u - 2. Let w(t) = -l(t) - 12*o(t). Let z be w(-34). Calculate the greatest common factor of 20 and z.
4
Suppose -646 = -6*q - 76. Suppose -3*f + p = 4*p - 303, 0 = -f + p + q. Let y = 549 - 535. What is the greatest common divisor of f and y?
14
Let d = -6 - -90. Let u = -124 + 128. Suppose -u*c = -8*c - 4*n + 76, 52 = 2*c - 5*n. Calculate the greatest common factor of c and d.
21
Let y(c) = -10*c**3 - 6*c**2 - 56*c - 155. Let j be y(-5). Calculate the greatest common divisor of j and 98.
49
Let k be (627/1045)/(1/205). Calculate the highest common divisor of 1230 and k.
123
Suppose 166*p + 83475 = 643*p. Calculate the highest common divisor of 126 and p.
7
Suppose 0 = -8*x + 24*x - 25216. Suppose -711 = -a + 2*g, -4*a + 4*g - x + 4424 = 0. What is the highest common factor of a and 46?
23
Let r be ((-15)/9)/(1/(-3)). Let p(m) = m**3 + 7*m**2 - 3*m + 4. Let j be p(-7). Let k = j + 15. What is the highest common factor of k and r?
5
Suppose -23*c + 153 + 39 + 84 = 0. Suppose 10 = -10*o + 5*o, 3*i - 5*o - 64 = 0. Calculate the highest common divisor of i and c.
6
Suppose -5*c + 821 = 4*a, -c - 26 + 230 = a. Suppose -5*z + a = -q, 2*q + q = 2*z - 90. Calculate the greatest common factor of z and 65.
13
Suppose -4*p = -3*i + p + 291, 2*i + 3*p - 213 = 0. Let a = 678 - 672. Calculate the highest common factor of a and i.
6
Let w be (-4)/3 + 95/15. Suppose 0 = -4*t - w*g - 6, 1 = 2*t - 3*t - g. Let s(b) = 54*b. Let c be s(t). What is the highest common divisor of c and 18?
18
Suppose -2*k = 2*k - 148. Suppose k - 2 = 5*v. Suppose 0 = 14*q - 77 - 21. What is the highest common factor of v and q?
7
Let f be (-485)/(-4) - (9 + 39/(-4)). Suppose 0 = -43*z + 26*z + 8296. Calculate the greatest common divisor of z and f.
122
Suppose -192*f = 132459 - 351821 - 107614. What is the greatest common divisor of f and 52?
13
Let s = -82 - -68. Let n be s/(-42) + 2/(-6). Suppose n = -6*a + 4*a + 16. What is the highest common factor of 64 and a?
8
Let r be ((-85)/10 + 4)*-6. Suppose -4*f + 4*z = -9*f + 60, -2*f - z = -r. Let k = 66 + -26. Calculate the greatest common factor of k and f.
8
Let m(c) = -40407 + 42*c + 28*c + 40399. Let b be m(2). What is the highest common divisor of b and 44?
44
Suppose 0 = 73*a - 83*a + 70. Suppose -a*r + 327 = 96. What is the greatest common factor of 77 and r?
11
Suppose 3*o + 78 = 19*o + 14. What is the highest common factor of o and 266?
2
Let h(l) = l**3 - 27*l**2 + 156*l - 15. Let m be h(19). What is the greatest common factor of m and 17873?
61
Suppose 4*v = 211 + 41. Let g(o) = -5*o + 118. Let n = -447 - -467. Let c be g(n). What is the highest common divisor of v and c?
9
Suppose -72 = 4*g - 4*p, 4*p - 27 = g + 3. Let r be 2 - 0 - g/7. Suppose -2*n = -r*b + n + 81, 2 = 2*n. What is the greatest common factor of 147 and b?
21
Suppose -3*y + 6 = 0, 539 + 53 = 2*j - y. Let h be (-130)/(-12) + (-69)/(-414). What is the highest common factor of j and h?
11
Let p(l) = -l**3 - 7*l**2 + 24*l - 2. Let n be p(-10). What is the greatest common factor of n and 58?
58
Let o(h) = h**2 - 19*h + 215. Let r be o(-21). Calculate the highest common divisor of r and 5.
5
Let n = -7366 + 7720. What is the greatest common divisor of n and 6844?
118
Suppose -5*u + 3*u = -2*j, 0 = -4*u - 4*j - 16. Let r be (-27)/9 + (-333)/(2/u). Calculate the greatest common factor of r and 10.
10
Let z be (-40 - 0)*(1860/(-8) - 12). Calculate the greatest common divisor of z and 60.
60
Suppose 3*i + 99 = 3*t - 138, -2*i = 2*t - 182. What is the greatest common factor of t and 204?
17
Suppose 0 = -5*p - 3*u + 599, p - 4*u - 371 = -2*p. Let i be 1*p - (-9 + (-1 - -5)). What is the highest common divisor of 18 and i?
18
Suppose 5 = -4*c + 3*l - 10, -15 = -4*c - 3*l. Suppose 4*m = -c*m - 7*m. Let a be 5 - m - (-4 + 5). What is the greatest common divisor of a and 36?
4
Suppose -31*k = -27*k - 688. Let s = k + -60. Suppose -5*u + 19 = -16. What is the highest common divisor of u and s?
7
Let a = -5 - -29. Suppose -c + 4*x + 9 + 9 = 0, -3*c + 46 = -4*x. Suppose 0 = 14*l + c*l - 168. What is the greatest common factor of a and l?
6
Let h be (-16 - -1) + (61 - -3089). What is the highest common factor of 110 and h?
55
Let s = 207 - 119. Let l = s + -87. What is the highest common divisor of l and 5?
1
Suppose 13247*b - 13242*b - 260 = 0. Let s = -771 - -2175. Suppose 0*d = -3*d + s. Calculate the greatest common factor of d and b.
52
Suppose 52 = k - 4*s, 5*k - 5*s - 144 = 11. Calculate the highest common divisor of k and 780.
12
Suppose -45*g = -371 + 169 - 203. What is the highest common factor of g and 4?
1
Let n = -1154 + 7624. What is the highest common factor of n and 10?
10
Suppose -3*p - 2*p = 0. Suppose -2*v = -p*v - 2. Let y be -2 + -53 + 49 + (-2 - -10). Calculate the greatest common factor of y and v.
1
Let h = 2922 + -2869. What is the greatest common divisor of 3869 and h?
53
Let s be ((-921)/6)/((-3)/6). Suppose -10*i = s - 1797. Suppose -2*c + i = -49. What is the highest common factor of c and 11?
11
Let a = 7959 + -1943. Calculate the greatest common divisor of a and 576.
64
Let v be (-20)/8 + (-690)/4. Let k = -160 - v. What is the greatest common divisor of 25 and k?
5
Suppose -s - 10*k + 6*k + 15125 = 0, 5*s = -k + 75549. What is the highest common factor of s and 58?
29
Let r be (-14)/(-6)*(2 - -1). Let t(d) = -115*d - 798. Let y be t(-7). What is the greatest common factor of r and y?
7
Let n be (-6244)/(-21)*9/12. Calculate the highest common factor of 3 and n.
1
Let o = 910 + -890. Calculate the greatest common factor of o and 1710.
10
Suppose -5*p + 20341 = -4551*u + 4550*u, -12199 = -3*p - 5*u. What is the highest common divisor of p and 108?
36
Let q(j) = -5*j**3 + 11*j**2 + 9*j - 11. Let u be q(-4). Let w = u - 447. What is the highest common divisor of w and 148?
2
Suppose 47*k - 284 = 46*k - 3*w, -3*k + w = -792. What is the highest common factor of 196 and k?
14
Let w(g) = 6*g**3 - 4*g**2 + 16*g - 27. Let z be w(3). Calculate the greatest common factor of 1127 and z.
49
Suppose 5*z = -d + 12, 5*d + z - 9 = 3. Let k(b) = 49*b**2 - 5*b + 12. Let h be k(d). Calculate the highest common factor of h and 90.
18
Suppose 0 = -i - 2*i + 3*h - 474, 0 = -5*i - 2*h - 783. Let j = 273 + i. What is the greatest common divisor of 145 and j?
29
Let b = -26 + 26. Let r be (2 + b)/((-6)/438). Let p = r - -209. Calculate the highest common divisor of p and 9.
9
Let m(q) = -14*q**3 + q - 1. Let r be m(1). Let s be r/(-6) + 4/6. Suppose s*h = -3*t + 3, -6 = -6*t + t - 4*h. What is the highest common divisor of 18 and t?
2
Suppose 22 = 2*t + 3*r + 2*r, t = 5*r - 4. Suppose z + t*z - 196 = 0. Suppose -66 + z = -2*l - x, 2 = x. What is the highest common divisor of l and 9?
9
Let r = -26 - -36. Suppose 26*d - 21 = 29*d. Let j(y) = -y**2 - 13*y + 28. Let s be j(d). Calculate the greatest common divisor of r and s.
10
Let t = -1 - -6. Suppose -5*x + 2*u = -0*x - 44, u = 3. Suppose 0*s + 2*s = x. Calculate the greatest common factor of s and t.
5
Suppose -31 = -5*r + 7*p - 6*p, 0 = -5*p + 20. Suppose 45 + 4 = r*f. Let j be (0 + -1)/(f/(-42)). Calculate the greatest common factor of 54 and j.
6
Suppose -375*p + 108 = -373*p. Let t(o) = -o**3 + 8*o**2 - 7*o - 3. Let d be t(6). Let l be 10/(-45) - (-978)/d. What is the greatest common factor of p and l?
18
Let w = -540 + 429. Let z = 154 + w. What is the greatest common factor of z and 731?
43
Suppose 209*r - 3996989 + 1281870 = 0. What is the highest common factor of r and 11?
11
Let w(c) = -c**2 - 4*c + 4. Let s be w(-4). Let l be -10 + (-1687)/(-35) + s/5. What is the highest common factor of l and 3?
3
Let d(g) = -g**2 - 10*g + 3. Let s be d(-9). Let z(o) = 7*o**2 - 67*o - 29. Let y be z(s). Calculate the high